{"id":1308,"date":"2023-01-02T14:35:03","date_gmt":"2023-01-02T13:35:03","guid":{"rendered":"https:\/\/update.boettcher-film.de\/gitte-haenning\/"},"modified":"2026-02-19T09:36:15","modified_gmt":"2026-02-19T09:36:15","slug":"gitte-haenning","status":"publish","type":"page","link":"https:\/\/en.boettcher-film.de\/?page_id=1308","title":{"rendered":"Gitte Haenning"},"content":{"rendered":"<div data-colibri-id=\"1308-c1\" class=\"style-621 style-local-1308-c1 position-relative\">\n  <!---->\n  <div data-colibri-component=\"section\" data-colibri-id=\"1308-c6\" id=\"custom\" class=\"h-section h-section-global-spacing d-flex align-items-lg-center align-items-md-center align-items-center style-626 style-local-1308-c6 position-relative\">\n    <!---->\n    <!---->\n    <div class=\"h-section-grid-container h-section-fluid-container\">\n      <!---->\n      <div data-colibri-id=\"1308-c7\" class=\"h-row-container gutters-row-lg-2 gutters-row-md-2 gutters-row-0 gutters-row-v-lg-2 gutters-row-v-md-2 gutters-row-v-2 style-627 style-local-1308-c7 position-relative\">\n        <!---->\n        <div class=\"h-row justify-content-lg-center justify-content-md-center justify-content-center align-items-lg-stretch align-items-md-stretch align-items-stretch gutters-col-lg-2 gutters-col-md-2 gutters-col-0 gutters-col-v-lg-2 gutters-col-v-md-2 gutters-col-v-2\">\n          <!---->\n          <div class=\"h-column h-column-container d-flex h-col-lg-auto h-col-md-auto h-col-auto style-628-outer style-local-1308-c8-outer\">\n            <div data-colibri-id=\"1308-c8\" class=\"d-flex h-flex-basis h-column__inner h-px-lg-2 h-px-md-2 h-px-2 v-inner-lg-2 v-inner-md-2 v-inner-2 style-628 style-local-1308-c8 position-relative\">\n              <!---->\n              <!---->\n              <div class=\"w-100 h-y-container h-column__content h-column__v-align flex-basis-100 align-self-lg-start align-self-md-start align-self-start\">\n                <!---->\n                <div data-colibri-id=\"1308-c16\" class=\"d-block style-636 style-local-1308-c16 position-relative h-element\">\n                  <!---->\n                  <div class=\"h-image__frame-container-outer\">\n                    <div class=\"h-image__frame-container\">\n                      <!---->\n                      <!---->\n                      <img loading=\"lazy\" decoding=\"async\" width=\"600\" height=\"850\" src=\"https:\/\/en.boettcher-film.de\/wp-content\/uploads\/2022\/12\/Gitte-Ich-will-alles-DVD.jpg\" class=\"wp-image-119 style-636-image style-local-1308-c16-image\" alt=\"\" srcset=\"https:\/\/en.boettcher-film.de\/wp-content\/uploads\/2022\/12\/Gitte-Ich-will-alles-DVD.jpg 600w, https:\/\/en.boettcher-film.de\/wp-content\/uploads\/2022\/12\/Gitte-Ich-will-alles-DVD-212x300.jpg 212w\" sizes=\"auto, (max-width: 600px) 100vw, 600px\" \/>\n                      <div class=\"h-image__frame h-hide-lg h-hide-md h-hide-sm style-636-frameImage style-local-1308-c16-frameImage\"><\/div>\n                    <\/div>\n                  <\/div>\n                <\/div>\n              <\/div>\n            <\/div>\n          <\/div>\n          <div class=\"h-column h-column-container d-flex h-col-lg-auto h-col-md-auto h-col-auto style-629-outer style-local-1308-c9-outer\">\n            <div data-colibri-id=\"1308-c9\" class=\"d-flex h-flex-basis h-column__inner h-px-lg-2 h-px-md-2 h-px-2 v-inner-lg-2 v-inner-md-2 v-inner-2 style-629 style-local-1308-c9 position-relative\">\n              <!---->\n              <!---->\n              <div class=\"w-100 h-y-container h-column__content h-column__v-align flex-basis-100 align-self-lg-start align-self-md-start align-self-start\">\n                <!---->\n                <div data-colibri-id=\"1308-c18\" class=\"h-global-transition-all h-heading style-638 style-local-1308-c18 position-relative h-element\">\n                  <!---->\n                  <div class=\"h-heading__outer style-638 style-local-1308-c18\">\n                    <!---->\n                    <!---->\n                    <h1 class=\"\">I Want It All<\/h1>\n                  <\/div>\n                <\/div>\n                <div data-colibri-id=\"1308-c21\" class=\"h-global-transition-all h-heading style-641 style-local-1308-c21 position-relative h-element\">\n                  <!---->\n                  <div class=\"h-heading__outer style-641 style-local-1308-c21\">\n                    <!---->\n                    <!---->\n                    <h2 class=\"\">THE GITTE HAENNING STORY<\/h2>\n                  <\/div>\n                <\/div>\n                <div data-colibri-id=\"1308-c17\" class=\"h-text h-text-component style-637 style-local-1308-c17 position-relative h-element\">\n                  <!---->\n                  <!---->\n                  <div class=\"\">\n                    <p><strong>Gitte Haenning<\/strong>&nbsp;(born 1946 in Aarhus) became\u2014much like young Conny Froboess did in Germany\u2014a teenage idol in her native Denmark as early as the 1950s. With the song&nbsp;<em>\u201cIch will \u2019nen Cowboy als Mann\u201d<\/em>&nbsp;(\u201cI\n                      Want a Cowboy for a Husband\u201d), she won the German Schlager Festival in 1963.<span><br><\/span><\/p>\n                    <p>Shortly afterwards, she and Rex Gildo became the dream couple of German schlager. But before long, Gitte felt she was being pushed into a box and began looking for her own path. She made films, turned to jazz, and continued to score\n                      hits with songs such as&nbsp;<em>\u201cIch hab die Liebe verspielt in Monte Carlo\u201d<\/em>&nbsp;and&nbsp;<em>\u201cSo sch\u00f6n kann doch kein Mann sein.\u201d<\/em>&nbsp;In 1973, she represented Germany at the Eurovision Song Contest.<\/p>\n                    <p>After a career low and a failed marriage to her manager, Gitte made a successful comeback in the late 1970s with songs like&nbsp;<em>\u201cFreu Dich blo\u00df nicht zu fr\u00fch,\u201d \u201cIch will alles,\u201d<\/em>&nbsp;and&nbsp;<em>\u201cIch bin stark.\u201d<\/em>&nbsp;She\n                      performed in theatre productions\u2014including&nbsp;<em>Shakespeare and Rock \u2019n\u2019 Roll<\/em>&nbsp;and&nbsp;<em>Sunset Boulevard<\/em>\u2014recorded in French, English, Italian, Finnish, Dutch, Spanish, German, and Danish, and was showered with\n                      awards, including the Platinum \u201cStimmgabel,\u201d the Golden Lion, and the Golden Camera.<\/p>\n                    <p>\n                      <br>\n                    <\/p>\n                  <\/div>\n                <\/div>\n                <div data-colibri-id=\"1308-c19\" class=\"h-x-container style-639 style-local-1308-c19 position-relative h-element\">\n                  <!---->\n                  <div class=\"h-x-container-inner style-dynamic-1308-c19-group style-639-spacing style-local-1308-c19-spacing\"><span class=\"h-button__outer style-640-outer style-local-1308-c20-outer d-inline-flex h-element\"><a h-use-smooth-scroll=\"true\" href=\"https:\/\/www.amazon.de\/Gitte-Haenning-will-Alles-Story\/dp\/B000R57TAM\/ref=sr_1_1?__mk_de_DE=\u00c5M\u00c5\u017d\u00d5\u00d1&amp;crid=HQ6X37YLKLXY&amp;dib=eyJ2IjoiMSJ9.DSHN9gERHR70vNFMk-iAzDltvON0Mbb1hey_zbLnHKJSGtJ9WWwhXqW2OkFZvr-lcpcq-54zU81F96mxxbtVh90Kev0VmnUBh_nEBcpsMg8gLqrSPVsPtTtbda6zthu15yyLtT1AAWsIwlMMncaB8K0QrLOahLClzEory7IftXs.Mv27fg2Pl6SYT4PV_LhVax-ytAL62FE9egwn7TDyfGc&amp;dib_tag=se&amp;keywords=DVD+Gitte%2C+ich+will+alles&amp;qid=1771328037&amp;sprefix=dvd+gitte+ich+will+alles%2Caps%2C97&amp;sr=8-1\"  data-colibri-id=\"1308-c20\" class=\"d-flex w-100 align-items-center h-button justify-content-lg-center justify-content-md-center justify-content-center style-640 style-local-1308-c20 position-relative\"><!----><!----> <span>Buy now (Amazon)<\/span><\/a>\n                    <\/span>\n                  <\/div>\n                <\/div>\n              <\/div>\n            <\/div>\n          <\/div>\n        <\/div>\n      <\/div>\n      <div data-colibri-id=\"1308-c10\" class=\"h-row-container gutters-row-lg-2 gutters-row-md-2 gutters-row-0 gutters-row-v-lg-2 gutters-row-v-md-2 gutters-row-v-2 style-630 style-local-1308-c10 position-relative\">\n        <!---->\n        <div class=\"h-row justify-content-lg-center justify-content-md-center justify-content-center align-items-lg-stretch align-items-md-stretch align-items-stretch gutters-col-lg-2 gutters-col-md-2 gutters-col-0 gutters-col-v-lg-2 gutters-col-v-md-2 gutters-col-v-2\">\n          <!---->\n          <div class=\"h-column h-column-container d-flex h-col-lg-6 h-col-md-6 h-col-12 style-631-outer style-local-1308-c11-outer\">\n            <div data-colibri-id=\"1308-c11\" class=\"d-flex h-flex-basis h-column__inner h-px-lg-2 h-px-md-2 h-px-2 v-inner-lg-2 v-inner-md-2 v-inner-2 style-631 style-local-1308-c11 position-relative\">\n              <!---->\n              <!---->\n              <div class=\"w-100 h-y-container h-column__content h-column__v-align flex-basis-100 align-self-lg-center align-self-md-center align-self-center\">\n                <!---->\n                <div data-colibri-id=\"1308-c22\" class=\"h-global-transition-all h-heading style-642 style-local-1308-c22 position-relative h-element\">\n                  <!---->\n                  <div class=\"h-heading__outer style-642 style-local-1308-c22\">\n                    <!---->\n                    <!---->\n                    <h3 class=\"\">Reviews<\/h3>\n                  <\/div>\n                <\/div>\n              <\/div>\n            <\/div>\n          <\/div>\n          <div class=\"h-column h-column-container d-flex h-col-lg-6 h-col-md-6 h-col-12 style-632-outer style-local-1308-c12-outer\">\n            <div data-colibri-id=\"1308-c12\" class=\"d-flex h-flex-basis h-column__inner h-px-lg-2 h-px-md-2 h-px-2 v-inner-lg-2 v-inner-md-2 v-inner-2 style-632 style-local-1308-c12 position-relative\">\n              <!---->\n              <!---->\n              <div class=\"w-100 h-y-container h-column__content h-column__v-align flex-basis-100 align-self-lg-start align-self-md-start align-self-start\">\n                <!---->\n                <div data-colibri-id=\"1308-c23\" class=\"h-text h-text-component style-643 style-local-1308-c23 position-relative h-element\">\n                  <!---->\n                  <!---->\n                  <div class=\"\">\n                    <p>\u201c\u2026an excellent documentary.\u201d (<em>Jazz Podium<\/em>)<\/p>\n                    <p>&#8220;Don\u2019t miss it! You don\u2019t have to be a fan to enjoy Boettcher\u2019s two-hour film. A dynamic trip through almost half a century of German pop culture history.\u201d (<em>taz<\/em>)<\/p>\n                    <p>\u201cWorth seeing!\u201d (<em>Stern.de<\/em>)<\/p>\n                    <p>\u201c\u2026a dynamic and multifaceted picture of the singer (\u2026) and overall this entertaining film\u2014one that doesn\u2019t just praise its protagonist uncritically, but shows both her strengths and her weaknesses\u2014connects the private with the professional.\u201d\n                      (<em>Berlinske Tidende<\/em>)<\/p>\n                    <p>\u201cGoosebumps! A touching film about the versatile artist\u2019s more than 50-year career. In the end, Gitte had tears in her eyes: brilliantly done.\u201d (<em>L\u00fcbecker Nachrichten<\/em>)<\/p>\n                    <p>\u201c\u2026The strong-minded, beautiful, and extraordinarily talented woman from Aarhus allowed the sensitive director a look into the dangerous rollercoaster of a turbulent career and her dramatic life with all its highs and lows\u2014and Marc\n                      Boettcher has drawn an honest, sympathetic portrait of Gitte H\u00e6nning.\u201d (<em>OMM \u2013 Online Musik Magazin<\/em>)<\/p>\n                    <p>\u201cMarc Boettcher is a film producer with passion. On Monday, TV viewers can see that this man knows his craft.\u201d (<em>Hamburger Abendblatt<\/em>)<\/p>\n                    <p>\u201cI was already very impressed by your film about Alexandra, but this documentary about Gitte is surely your masterpiece so far.\u201d (Dr. Michael Kunze, musical author)<\/p>\n                    <p>\u201c\u2026a fine psychological portrait of the singer; her difficulty in being authentic became clearly visible in the film.\u201d (Richard David Precht, philosopher &amp; Grimme Award juror)&nbsp;<\/p>\n                  <\/div>\n                <\/div>\n              <\/div>\n            <\/div>\n          <\/div>\n        <\/div>\n      <\/div>\n      <div data-colibri-id=\"1308-c13\" class=\"h-row-container gutters-row-lg-2 gutters-row-md-2 gutters-row-0 gutters-row-v-lg-2 gutters-row-v-md-2 gutters-row-v-2 style-633 style-local-1308-c13 position-relative\">\n        <!---->\n        <div class=\"h-row justify-content-lg-center justify-content-md-center justify-content-center align-items-lg-stretch align-items-md-stretch align-items-stretch gutters-col-lg-2 gutters-col-md-2 gutters-col-0 gutters-col-v-lg-2 gutters-col-v-md-2 gutters-col-v-2\">\n          <!---->\n          <div class=\"h-column h-column-container d-flex h-col-lg-6 h-col-md-6 h-col-12 style-634-outer style-local-1308-c14-outer\">\n            <div data-colibri-id=\"1308-c14\" class=\"d-flex h-flex-basis h-column__inner h-px-lg-2 h-px-md-2 h-px-2 v-inner-lg-2 v-inner-md-2 v-inner-2 style-634 style-local-1308-c14 position-relative\">\n              <!---->\n              <!---->\n              <div class=\"w-100 h-y-container h-column__content h-column__v-align flex-basis-100 align-self-lg-start align-self-md-start align-self-start\">\n                <!---->\n                <div data-colibri-component=\"video\" data-colibri-id=\"1308-c25\" class=\"d-block h-video d-block h-video style-645 style-local-1308-c25 position-relative h-element\">\n                  <!---->\n                  <!---->\n                  <div class=\"video-container position-relative\">\n                    <div class=\"h-global-transition-all ratio-inner\"><video class='h-video-main' controls ><source src=https:\/\/en.boettcher-film.de\/wp-content\/uploads\/2022\/12\/Gitte-Trailer.mp4 type='video\/mp4' \/><\/video><\/div>\n                  <\/div>\n                <\/div>\n              <\/div>\n            <\/div>\n          <\/div>\n          <div class=\"h-column h-column-container d-flex h-col-lg-6 h-col-md-6 h-col-12 style-635-outer style-local-1308-c15-outer\">\n            <div data-colibri-id=\"1308-c15\" class=\"d-flex h-flex-basis h-column__inner h-px-lg-2 h-px-md-2 h-px-2 v-inner-lg-2 v-inner-md-2 v-inner-2 style-635 style-local-1308-c15 position-relative\">\n              <!---->\n              <!---->\n              <div class=\"w-100 h-y-container h-column__content h-column__v-align flex-basis-100 align-self-lg-center align-self-md-center align-self-center\">\n                <!---->\n                <div data-colibri-id=\"1308-c24\" class=\"h-global-transition-all h-heading style-644 style-local-1308-c24 position-relative h-element\">\n                  <!---->\n                  <div class=\"h-heading__outer style-644 style-local-1308-c24\">\n                    <!---->\n                    <!---->\n                    <h3 class=\"\">Trailer<\/h3>\n                  <\/div>\n                <\/div>\n              <\/div>\n            <\/div>\n          <\/div>\n        <\/div>\n      <\/div>\n      <div data-colibri-id=\"1308-c27\" class=\"h-row-container gutters-row-lg-2 gutters-row-md-2 gutters-row-0 gutters-row-v-lg-2 gutters-row-v-md-2 gutters-row-v-2 style-647 style-local-1308-c27 position-relative\">\n        <!---->\n        <div class=\"h-row justify-content-lg-center justify-content-md-center justify-content-center align-items-lg-stretch align-items-md-stretch align-items-stretch gutters-col-lg-2 gutters-col-md-2 gutters-col-0 gutters-col-v-lg-2 gutters-col-v-md-2 gutters-col-v-2\">\n          <!---->\n          <div class=\"h-column h-column-container d-flex h-col-lg-6 h-col-md-6 h-col-12 style-648-outer style-local-1308-c28-outer\">\n            <div data-colibri-id=\"1308-c28\" class=\"d-flex h-flex-basis h-column__inner h-px-lg-2 h-px-md-2 h-px-2 v-inner-lg-2 v-inner-md-2 v-inner-2 style-648 style-local-1308-c28 position-relative\">\n              <!---->\n              <!---->\n              <div class=\"w-100 h-y-container h-column__content h-column__v-align flex-basis-100 align-self-lg-start align-self-md-start align-self-start\">\n                <!---->\n                <div data-colibri-id=\"1308-c30\" class=\"h-global-transition-all h-heading style-650 style-local-1308-c30 position-relative h-element\">\n                  <!---->\n                  <div class=\"h-heading__outer style-650 style-local-1308-c30\">\n                    <!---->\n                    <!---->\n                    <h3 class=\"\">Awards &amp; Nominations<\/h3>\n                  <\/div>\n                <\/div>\n                <div data-colibri-id=\"1308-c31\" class=\"d-block style-651 style-local-1308-c31 position-relative h-element\">\n                  <!---->\n                  <div class=\"h-image__frame-container-outer\">\n                    <div class=\"h-image__frame-container\">\n                      <!---->\n                      <!---->\n                      <img loading=\"lazy\" decoding=\"async\" width=\"250\" height=\"250\" src=\"https:\/\/en.boettcher-film.de\/wp-content\/uploads\/2022\/12\/siegel_w.png\" class=\"wp-image-221 style-651-image style-local-1308-c31-image\" alt=\"\" srcset=\"https:\/\/en.boettcher-film.de\/wp-content\/uploads\/2022\/12\/siegel_w.png 250w, https:\/\/en.boettcher-film.de\/wp-content\/uploads\/2022\/12\/siegel_w-150x150.png 150w\" sizes=\"auto, (max-width: 250px) 100vw, 250px\" \/>\n                      <div class=\"h-image__frame h-hide-lg h-hide-md h-hide-sm style-651-frameImage style-local-1308-c31-frameImage\"><\/div>\n                    <\/div>\n                  <\/div>\n                <\/div>\n              <\/div>\n            <\/div>\n          <\/div>\n          <div class=\"h-column h-column-container d-flex h-col-lg-6 h-col-md-6 h-col-12 style-649-outer style-local-1308-c29-outer\">\n            <div data-colibri-id=\"1308-c29\" class=\"d-flex h-flex-basis h-column__inner h-px-lg-2 h-px-md-2 h-px-2 v-inner-lg-2 v-inner-md-2 v-inner-2 style-649 style-local-1308-c29 position-relative\">\n              <!---->\n              <!---->\n              <div class=\"w-100 h-y-container h-column__content h-column__v-align flex-basis-100 align-self-lg-start align-self-md-start align-self-start\">\n                <!---->\n                <div data-colibri-id=\"1308-c32\" class=\"h-text h-text-component style-652 style-local-1308-c32 position-relative h-element\">\n                  <!---->\n                  <!---->\n                  <div class=\"\">\n                    <p><strong>Gitte Haenning \u2014 first broadcast date:<\/strong>&nbsp;18 December 2006 on NDR Television<\/p>\n                    <ul>\n                      <li>Nominated for the Adolf Grimme Award (2007)<\/li>\n                      <li>Nominated for the NRW Cultural Award (2007)<\/li>\n                      <li>Nominated for the Schleswig-Holstein Film Award (2006)<\/li>\n                    <\/ul>\n                    <p>&#8220;Valuable&#8221; rating by the German Film Rating Board Wiesbaden (FBW)<\/p>\n                    <p>&#8220;Of course there are contemporaries to whom Gitte has nothing to say. But anyone interested in the lively Danish multi-talent will find the ultimate biographical documentary here. The film also makes clear the pattern Gitte cannot\n                      break out of\u2014both as an artist and privately\u2014because the early conflict between her and her father repeats itself again and again in many different forms.<\/p>\n                    <p>It also tells how brutally artists like her have been treated in the German entertainment industry. A journey through show history, music and time, television and fashion.\u201d<\/p>\n                  <\/div>\n                <\/div>\n              <\/div>\n            <\/div>\n          <\/div>\n        <\/div>\n      <\/div>\n    <\/div>\n  <\/div>\n  <div data-colibri-component=\"section\" data-colibri-id=\"1308-c33\" id=\"custom-2\" class=\"h-section h-section-global-spacing d-flex align-items-lg-center align-items-md-center align-items-center style-653 style-local-1308-c33 position-relative\">\n    <!---->\n    <!---->\n    <div class=\"h-section-grid-container h-section-boxed-container\">\n      <!---->\n      <div data-colibri-id=\"1308-c34\" class=\"h-row-container gutters-row-lg-2 gutters-row-md-2 gutters-row-0 gutters-row-v-lg-2 gutters-row-v-md-2 gutters-row-v-2 style-654 style-local-1308-c34 position-relative\">\n        <!---->\n        <div class=\"h-row justify-content-lg-center justify-content-md-center justify-content-center align-items-lg-stretch align-items-md-stretch align-items-stretch gutters-col-lg-2 gutters-col-md-2 gutters-col-0 gutters-col-v-lg-2 gutters-col-v-md-2 gutters-col-v-2\">\n          <!---->\n          <div class=\"h-column h-column-container d-flex h-col-lg-auto h-col-md-auto h-col-auto style-655-outer style-local-1308-c35-outer\">\n            <div data-colibri-id=\"1308-c35\" class=\"d-flex h-flex-basis h-column__inner h-px-lg-2 h-px-md-2 h-px-2 v-inner-lg-2 v-inner-md-2 v-inner-2 style-655 style-local-1308-c35 position-relative\">\n              <!---->\n              <!---->\n              <div class=\"w-100 h-y-container h-column__content h-column__v-align flex-basis-100 align-self-lg-start align-self-md-start align-self-start\">\n                <!---->\n                <div data-colibri-id=\"1308-c36\" class=\"h-global-transition-all h-heading style-656 style-local-1308-c36 position-relative h-element\">\n                  <!---->\n                  <div class=\"h-heading__outer style-656 style-local-1308-c36\">\n                    <!---->\n                    <!---->\n                    <h3 class=\"\">Broadcasts<\/h3>\n                  <\/div>\n                <\/div>\n              <\/div>\n            <\/div>\n          <\/div>\n        <\/div>\n      <\/div>\n      <div data-colibri-id=\"1308-c37\" class=\"h-row-container gutters-row-lg-2 gutters-row-md-2 gutters-row-0 gutters-row-v-lg-2 gutters-row-v-md-2 gutters-row-v-2 style-657 style-local-1308-c37 position-relative\">\n        <!---->\n        <div class=\"h-row justify-content-lg-center justify-content-md-center justify-content-center align-items-lg-stretch align-items-md-stretch align-items-stretch gutters-col-lg-2 gutters-col-md-2 gutters-col-0 gutters-col-v-lg-2 gutters-col-v-md-2 gutters-col-v-2\">\n          <!---->\n          <div class=\"h-column h-column-container d-flex h-col-lg-auto h-col-md-auto h-col-auto style-658-outer style-local-1308-c38-outer\">\n            <div data-colibri-id=\"1308-c38\" class=\"d-flex h-flex-basis h-column__inner h-px-lg-2 h-px-md-2 h-px-2 v-inner-lg-2 v-inner-md-2 v-inner-2 style-658 style-local-1308-c38 position-relative\">\n              <!---->\n              <!---->\n              <div class=\"w-100 h-y-container h-column__content h-column__v-align flex-basis-100 align-self-lg-start align-self-md-start align-self-start\">\n                <!---->\n                <div data-colibri-id=\"1308-c39\" class=\"style-659 style-local-1308-c39 position-relative h-element\">\n                  <!---->\n                  <div class=\"\">\n<table id=\"tablepress-3\" class=\"tablepress tablepress-id-3\">\n<thead>\n<tr class=\"row-1\">\n\t<th class=\"column-1\">Datum<\/th><th class=\"column-2\">Sender<\/th><th class=\"column-3\">Anteil<\/th><th class=\"column-4\">Zuschauer regional<\/th><th class=\"column-5\">Zeit<\/th>\n<\/tr>\n<\/thead>\n<tbody class=\"row-striping row-hover\">\n<tr class=\"row-2\">\n\t<td class=\"column-1\">18.12.2006<\/td><td class=\"column-2\">NDR<\/td><td class=\"column-3\">5,0 %<\/td><td class=\"column-4\">120.000<\/td><td class=\"column-5\">23:00 Uhr<\/td>\n<\/tr>\n<tr class=\"row-3\">\n\t<td class=\"column-1\">31.03.2007<\/td><td class=\"column-2\">NDR<\/td><td class=\"column-3\">3,9 %<\/td><td class=\"column-4\">140.000<\/td><td class=\"column-5\">23:15 Uhr<\/td>\n<\/tr>\n<tr class=\"row-4\">\n\t<td class=\"column-1\">14.03.2007<\/td><td class=\"column-2\">SWR<\/td><td class=\"column-3\">2,7 %<\/td><td class=\"column-4\">90.000<\/td><td class=\"column-5\">23:45 Uhr<\/td>\n<\/tr>\n<tr class=\"row-5\">\n\t<td class=\"column-1\">08.07.2007<\/td><td class=\"column-2\">BR<\/td><td class=\"column-3\">6,4 %<\/td><td class=\"column-4\">80.000<\/td><td class=\"column-5\">23:00 Uhr<\/td>\n<\/tr>\n<tr class=\"row-6\">\n\t<td class=\"column-1\">12.07.2007<\/td><td class=\"column-2\">WDR<\/td><td class=\"column-3\">3,7 %<\/td><td class=\"column-4\">90.000<\/td><td class=\"column-5\">23:15 Uhr<\/td>\n<\/tr>\n<tr class=\"row-7\">\n\t<td class=\"column-1\">03.01.2008<\/td><td class=\"column-2\">RBB<\/td><td class=\"column-3\">8,7 %<\/td><td class=\"column-4\">100.000<\/td><td class=\"column-5\">22:50 Uhr<\/td>\n<\/tr>\n<tr class=\"row-8\">\n\t<td class=\"column-1\">09.01.2008<\/td><td class=\"column-2\">MDR<\/td><td class=\"column-3\">8,7 %<\/td><td class=\"column-4\">80.000<\/td><td class=\"column-5\">23:35 Uhr<\/td>\n<\/tr>\n<tr class=\"row-9\">\n\t<td class=\"column-1\">24.03.2008<\/td><td class=\"column-2\">HR<\/td><td class=\"column-3\">k.A<\/td><td class=\"column-4\">k.A<\/td><td class=\"column-5\">00:10 Uhr<\/td>\n<\/tr>\n<tr class=\"row-10\">\n\t<td class=\"column-1\">19.06.2008<\/td><td class=\"column-2\">NDR<\/td><td class=\"column-3\">3,5 %<\/td><td class=\"column-4\">120.000<\/td><td class=\"column-5\">22:30 Uhr<\/td>\n<\/tr>\n<\/tbody>\n<\/table>\n<!-- #tablepress-3 from cache --><\/div>\n                <\/div>\n              <\/div>\n            <\/div>\n          <\/div>\n        <\/div>\n      <\/div>\n    <\/div>\n  <\/div>\n<\/div>","protected":false},"excerpt":{"rendered":"<p>I Want It All THE GITTE HAENNING STORY Gitte Haenning&nbsp;(born 1946 in Aarhus) became\u2014much like young Conny Froboess did in Germany\u2014a teenage idol in her native Denmark as early as the 1950s. With the song&nbsp;\u201cIch will \u2019nen Cowboy als Mann\u201d&nbsp;(\u201cI Want a Cowboy for a Husband\u201d), she won the German Schlager Festival in 1963. Shortly [&hellip;]<\/p>\n","protected":false},"author":1,"featured_media":0,"parent":0,"menu_order":0,"comment_status":"closed","ping_status":"closed","template":"page-templates\/full-width-page.php","meta":{"footnotes":""},"class_list":["post-1308","page","type-page","status-publish","hentry"],"_links":{"self":[{"href":"https:\/\/en.boettcher-film.de\/index.php?rest_route=\/wp\/v2\/pages\/1308","targetHints":{"allow":["GET"]}}],"collection":[{"href":"https:\/\/en.boettcher-film.de\/index.php?rest_route=\/wp\/v2\/pages"}],"about":[{"href":"https:\/\/en.boettcher-film.de\/index.php?rest_route=\/wp\/v2\/types\/page"}],"author":[{"embeddable":true,"href":"https:\/\/en.boettcher-film.de\/index.php?rest_route=\/wp\/v2\/users\/1"}],"replies":[{"embeddable":true,"href":"https:\/\/en.boettcher-film.de\/index.php?rest_route=%2Fwp%2Fv2%2Fcomments&post=1308"}],"version-history":[{"count":5,"href":"https:\/\/en.boettcher-film.de\/index.php?rest_route=\/wp\/v2\/pages\/1308\/revisions"}],"predecessor-version":[{"id":3812,"href":"https:\/\/en.boettcher-film.de\/index.php?rest_route=\/wp\/v2\/pages\/1308\/revisions\/3812"}],"wp:attachment":[{"href":"https:\/\/en.boettcher-film.de\/index.php?rest_route=%2Fwp%2Fv2%2Fmedia&parent=1308"}],"curies":[{"name":"wp","href":"https:\/\/api.w.org\/{rel}","templated":true}]}}