{"id":1555,"date":"2023-01-22T12:26:50","date_gmt":"2023-01-22T11:26:50","guid":{"rendered":"https:\/\/update.boettcher-film.de\/buch-henrik-ibsen\/"},"modified":"2026-02-19T11:38:42","modified_gmt":"2026-02-19T11:38:42","slug":"buch-henrik-ibsen","status":"publish","type":"page","link":"https:\/\/en.boettcher-film.de\/?page_id=1555","title":{"rendered":"Buch Henrik Ibsen"},"content":{"rendered":"<div data-colibri-id=\"1555-c1\" class=\"style-904 style-local-1555-c1 position-relative\">\n  <!---->\n  <div data-colibri-component=\"section\" data-colibri-id=\"1555-c2\" id=\"custom\" class=\"h-section h-section-global-spacing d-flex align-items-lg-center align-items-md-center align-items-center style-909 style-local-1555-c2 position-relative\">\n    <!---->\n    <!---->\n    <div class=\"h-section-grid-container h-section-fluid-container\">\n      <!---->\n      <div data-colibri-id=\"1555-c3\" class=\"h-row-container gutters-row-lg-2 gutters-row-md-2 gutters-row-0 gutters-row-v-lg-2 gutters-row-v-md-2 gutters-row-v-2 style-910 style-local-1555-c3 position-relative\">\n        <!---->\n        <div class=\"h-row justify-content-lg-center justify-content-md-center justify-content-center align-items-lg-stretch align-items-md-stretch align-items-stretch gutters-col-lg-2 gutters-col-md-2 gutters-col-0 gutters-col-v-lg-2 gutters-col-v-md-2 gutters-col-v-2\">\n          <!---->\n          <div class=\"h-column h-column-container d-flex h-col-lg-auto h-col-md-auto h-col-auto style-911-outer style-local-1555-c4-outer\">\n            <div data-colibri-id=\"1555-c4\" class=\"d-flex h-flex-basis h-column__inner h-px-lg-2 h-px-md-2 h-px-2 v-inner-lg-2 v-inner-md-2 v-inner-2 style-911 style-local-1555-c4 position-relative\">\n              <!---->\n              <!---->\n              <div class=\"w-100 h-y-container h-column__content h-column__v-align flex-basis-100 align-self-lg-start align-self-md-start align-self-start\">\n                <!---->\n                <div data-colibri-id=\"1555-c7\" class=\"h-global-transition-all h-heading style-914 style-local-1555-c7 position-relative h-element\">\n                  <!---->\n                  <div class=\"h-heading__outer style-914 style-local-1555-c7\">\n                    <!---->\n                    <!---->\n                    <h1 class=\"\">Henrik Ibsen<\/h1>\n                  <\/div>\n                <\/div>\n                <div data-colibri-id=\"1555-c11\" class=\"h-global-transition-all h-heading style-918 style-local-1555-c11 position-relative h-element\">\n                  <!---->\n                  <div class=\"h-heading__outer style-918 style-local-1555-c11\">\n                    <!---->\n                    <!---->\n                    <h4 class=\"\">On the stage history of his \u201cGhosts\u201d<\/h4>\n                  <\/div>\n                <\/div>\n                <div data-colibri-id=\"1555-c8\" class=\"h-text h-text-component style-915 style-local-1555-c8 position-relative h-element\">\n                  <!---->\n                  <!---->\n                  <div class=\"\">\n                    <p>Review by Tobias Burghardt, Delta \u2013 Journal of Essay Writing and Poetry, 1990:<span><br><\/span><\/p>\n                    <p>\u201cIn light of changing realities, the play written by Ibsen in 1881 gains astonishing topicality: there is no play more apt about AIDS than \u2018Ghosts\u2019 (Einar Schleef). The socially critical approach of the piece\u2014at the center of which\n                      is, among other things, the medical history of a young man\u2014can, from its concrete (Norwegian) setting, be transferred to universal connections that still shape our reality today.<span><br><\/span><\/p>\n                    <p>The heart of the book is the excitingly readable and meticulous documentation of the stage history of this family drama\u2014from its beginnings (for example, the world premiere on May 20, 1882, before Scandinavian immigrants in Chicago),\n                      through censorship bans, controversies and repeals, to the opening performance of the \u2018Freie B\u00fchne\u2019 in Berlin in 1889; the opening of the \u2018Berliner Kammerspiele\u2019 in 1906 under the direction of Max Reinhardt (with a stage design by\n                      Edvard Munch); as well as a temporary decline of interest in Ibsen and his plays until the post-war era. A rediscovery of Ibsen\u2014both on stage and in \u2018philological research\u2019\u2014can be traced from Peter Stein\u2019s seven-hour Peer Gynt production\n                      at Berlin\u2019s \u2018Schaub\u00fchne\u2019 (1970\/71).<\/p>\n                    <p>Marc Boettcher\u2019s dramaturgical work becomes indispensable for anyone who wants to examine the work and impact of \u2018Ghosts\u2019 in a nuanced and comprehensive way. The appendix contains censorship files, reviews, images, and other materials\n                      that meaningfully illustrate this remarkable insight into its stage history. Ibsen wrote to his publisher: \u2018My book belongs to the future.\u2019 Indeed.\u201d<\/p>\n                  <\/div>\n                <\/div>\n                <div data-colibri-id=\"1555-c9\" class=\"h-x-container style-916 style-local-1555-c9 position-relative h-element\">\n                  <!---->\n                  <div class=\"h-x-container-inner style-dynamic-1555-c9-group style-916-spacing style-local-1555-c9-spacing\"><span class=\"h-button__outer style-917-outer style-local-1555-c10-outer d-inline-flex h-element\"><a h-use-smooth-scroll=\"true\" href=\"https:\/\/www.amazon.de\/Henrik-Ibsen-B\u00fchnengeschichte-Hochschulschriften-Universitaires\/dp\/3631421664\/ref=sr_1_7?__mk_de_DE=\u00c5M\u00c5\u017d\u00d5\u00d1&amp;dchild=1&amp;keywords=marc+boettcher&amp;qid=1615069103&amp;sr=8-7\"  data-colibri-id=\"1555-c10\" class=\"d-flex w-100 align-items-center h-button justify-content-lg-center justify-content-md-center justify-content-center style-917 style-local-1555-c10 position-relative\"><!----><!----> <span>Buy the book<\/span><\/a>\n                    <\/span>\n                  <\/div>\n                <\/div>\n              <\/div>\n            <\/div>\n          <\/div>\n          <div class=\"h-column h-column-container d-flex h-col-lg-auto h-col-md-auto h-col-auto style-912-outer style-local-1555-c5-outer\">\n            <div data-colibri-id=\"1555-c5\" class=\"d-flex h-flex-basis h-column__inner h-px-lg-2 h-px-md-2 h-px-2 v-inner-lg-2 v-inner-md-2 v-inner-2 style-912 style-local-1555-c5 position-relative\">\n              <!---->\n              <!---->\n              <div class=\"w-100 h-y-container h-column__content h-column__v-align flex-basis-100 align-self-lg-start align-self-md-start align-self-start\">\n                <!---->\n                <div data-colibri-id=\"1555-c6\" class=\"d-block style-913 style-local-1555-c6 position-relative h-element\">\n                  <!---->\n                  <div class=\"h-image__frame-container-outer\">\n                    <div class=\"h-image__frame-container\">\n                      <!---->\n                      <!---->\n                      <img loading=\"lazy\" decoding=\"async\" width=\"1806\" height=\"2560\" src=\"https:\/\/en.boettcher-film.de\/wp-content\/uploads\/2023\/01\/Ibsen-Buch-scaled.jpg\" class=\"wp-image-225 style-913-image style-local-1555-c6-image\" alt=\"\" srcset=\"https:\/\/en.boettcher-film.de\/wp-content\/uploads\/2023\/01\/Ibsen-Buch-scaled.jpg 1806w, https:\/\/en.boettcher-film.de\/wp-content\/uploads\/2023\/01\/Ibsen-Buch-212x300.jpg 212w, https:\/\/en.boettcher-film.de\/wp-content\/uploads\/2023\/01\/Ibsen-Buch-722x1024.jpg 722w, https:\/\/en.boettcher-film.de\/wp-content\/uploads\/2023\/01\/Ibsen-Buch-768x1089.jpg 768w, https:\/\/en.boettcher-film.de\/wp-content\/uploads\/2023\/01\/Ibsen-Buch-1084x1536.jpg 1084w, https:\/\/en.boettcher-film.de\/wp-content\/uploads\/2023\/01\/Ibsen-Buch-1445x2048.jpg 1445w\" sizes=\"auto, (max-width: 1806px) 100vw, 1806px\" \/>\n                      <div class=\"h-image__frame h-hide-lg h-hide-md h-hide-sm style-913-frameImage style-local-1555-c6-frameImage\"><\/div>\n                    <\/div>\n                  <\/div>\n                <\/div>\n              <\/div>\n            <\/div>\n          <\/div>\n        <\/div>\n      <\/div>\n    <\/div>\n  <\/div>\n<\/div>","protected":false},"excerpt":{"rendered":"<p>Henrik Ibsen On the stage history of his \u201cGhosts\u201d Review by Tobias Burghardt, Delta \u2013 Journal of Essay Writing and Poetry, 1990: \u201cIn light of changing realities, the play written by Ibsen in 1881 gains astonishing topicality: there is no play more apt about AIDS than \u2018Ghosts\u2019 (Einar Schleef). The socially critical approach of the [&hellip;]<\/p>\n","protected":false},"author":1,"featured_media":0,"parent":0,"menu_order":0,"comment_status":"closed","ping_status":"closed","template":"page-templates\/full-width-page.php","meta":{"footnotes":""},"class_list":["post-1555","page","type-page","status-publish","hentry"],"_links":{"self":[{"href":"https:\/\/en.boettcher-film.de\/index.php?rest_route=\/wp\/v2\/pages\/1555","targetHints":{"allow":["GET"]}}],"collection":[{"href":"https:\/\/en.boettcher-film.de\/index.php?rest_route=\/wp\/v2\/pages"}],"about":[{"href":"https:\/\/en.boettcher-film.de\/index.php?rest_route=\/wp\/v2\/types\/page"}],"author":[{"embeddable":true,"href":"https:\/\/en.boettcher-film.de\/index.php?rest_route=\/wp\/v2\/users\/1"}],"replies":[{"embeddable":true,"href":"https:\/\/en.boettcher-film.de\/index.php?rest_route=%2Fwp%2Fv2%2Fcomments&post=1555"}],"version-history":[{"count":1,"href":"https:\/\/en.boettcher-film.de\/index.php?rest_route=\/wp\/v2\/pages\/1555\/revisions"}],"predecessor-version":[{"id":3972,"href":"https:\/\/en.boettcher-film.de\/index.php?rest_route=\/wp\/v2\/pages\/1555\/revisions\/3972"}],"wp:attachment":[{"href":"https:\/\/en.boettcher-film.de\/index.php?rest_route=%2Fwp%2Fv2%2Fmedia&parent=1555"}],"curies":[{"name":"wp","href":"https:\/\/api.w.org\/{rel}","templated":true}]}}

<div data-colibri-id="1555-c1" class="style-904 style-local-1555-c1 position-relative">
  <!---->
  <div data-colibri-component="section" data-colibri-id="1555-c2" id="custom" class="h-section h-section-global-spacing d-flex align-items-lg-center align-items-md-center align-items-center style-909 style-local-1555-c2 position-relative">
    <!---->
    <!---->
    <div class="h-section-grid-container h-section-fluid-container">
      <!---->
      <div data-colibri-id="1555-c3" class="h-row-container gutters-row-lg-2 gutters-row-md-2 gutters-row-0 gutters-row-v-lg-2 gutters-row-v-md-2 gutters-row-v-2 style-910 style-local-1555-c3 position-relative">
        <!---->
        <div class="h-row justify-content-lg-center justify-content-md-center justify-content-center align-items-lg-stretch align-items-md-stretch align-items-stretch gutters-col-lg-2 gutters-col-md-2 gutters-col-0 gutters-col-v-lg-2 gutters-col-v-md-2 gutters-col-v-2">
          <!---->
          <div class="h-column h-column-container d-flex h-col-lg-auto h-col-md-auto h-col-auto style-911-outer style-local-1555-c4-outer">
            <div data-colibri-id="1555-c4" class="d-flex h-flex-basis h-column__inner h-px-lg-2 h-px-md-2 h-px-2 v-inner-lg-2 v-inner-md-2 v-inner-2 style-911 style-local-1555-c4 position-relative">
              <!---->
              <!---->
              <div class="w-100 h-y-container h-column__content h-column__v-align flex-basis-100 align-self-lg-start align-self-md-start align-self-start">
                <!---->
                <div data-colibri-id="1555-c7" class="h-global-transition-all h-heading style-914 style-local-1555-c7 position-relative h-element">
                  <!---->
                  <div class="h-heading__outer style-914 style-local-1555-c7">
                    <!---->
                    <!---->
                    <h1 class="">Henrik Ibsen</h1>
                  </div>
                </div>
                <div data-colibri-id="1555-c11" class="h-global-transition-all h-heading style-918 style-local-1555-c11 position-relative h-element">
                  <!---->
                  <div class="h-heading__outer style-918 style-local-1555-c11">
                    <!---->
                    <!---->
                    <h4 class="">On the stage history of his “Ghosts”</h4>
                  </div>
                </div>
                <div data-colibri-id="1555-c8" class="h-text h-text-component style-915 style-local-1555-c8 position-relative h-element">
                  <!---->
                  <!---->
                  <div class="">
                    <p>Review by Tobias Burghardt, Delta – Journal of Essay Writing and Poetry, 1990:<span><br></span></p>
                    <p>“In light of changing realities, the play written by Ibsen in 1881 gains astonishing topicality: there is no play more apt about AIDS than ‘Ghosts’ (Einar Schleef). The socially critical approach of the piece—at the center of which
                      is, among other things, the medical history of a young man—can, from its concrete (Norwegian) setting, be transferred to universal connections that still shape our reality today.<span><br></span></p>
                    <p>The heart of the book is the excitingly readable and meticulous documentation of the stage history of this family drama—from its beginnings (for example, the world premiere on May 20, 1882, before Scandinavian immigrants in Chicago),
                      through censorship bans, controversies and repeals, to the opening performance of the ‘Freie Bühne’ in Berlin in 1889; the opening of the ‘Berliner Kammerspiele’ in 1906 under the direction of Max Reinhardt (with a stage design by
                      Edvard Munch); as well as a temporary decline of interest in Ibsen and his plays until the post-war era. A rediscovery of Ibsen—both on stage and in ‘philological research’—can be traced from Peter Stein’s seven-hour Peer Gynt production
                      at Berlin’s ‘Schaubühne’ (1970/71).</p>
                    <p>Marc Boettcher’s dramaturgical work becomes indispensable for anyone who wants to examine the work and impact of ‘Ghosts’ in a nuanced and comprehensive way. The appendix contains censorship files, reviews, images, and other materials
                      that meaningfully illustrate this remarkable insight into its stage history. Ibsen wrote to his publisher: ‘My book belongs to the future.’ Indeed.”</p>
                  </div>
                </div>
                <div data-colibri-id="1555-c9" class="h-x-container style-916 style-local-1555-c9 position-relative h-element">
                  <!---->
                  <div class="h-x-container-inner style-dynamic-1555-c9-group style-916-spacing style-local-1555-c9-spacing"><span class="h-button__outer style-917-outer style-local-1555-c10-outer d-inline-flex h-element"><a h-use-smooth-scroll="true" href="https://www.amazon.de/Henrik-Ibsen-Bühnengeschichte-Hochschulschriften-Universitaires/dp/3631421664/ref=sr_1_7?__mk_de_DE=ÅMÅŽÕÑ&amp;dchild=1&amp;keywords=marc+boettcher&amp;qid=1615069103&amp;sr=8-7"  data-colibri-id="1555-c10" class="d-flex w-100 align-items-center h-button justify-content-lg-center justify-content-md-center justify-content-center style-917 style-local-1555-c10 position-relative"><!----><!----> <span>Buy the book</span></a>
                    </span>
                  </div>
                </div>
              </div>
            </div>
          </div>
          <div class="h-column h-column-container d-flex h-col-lg-auto h-col-md-auto h-col-auto style-912-outer style-local-1555-c5-outer">
            <div data-colibri-id="1555-c5" class="d-flex h-flex-basis h-column__inner h-px-lg-2 h-px-md-2 h-px-2 v-inner-lg-2 v-inner-md-2 v-inner-2 style-912 style-local-1555-c5 position-relative">
              <!---->
              <!---->
              <div class="w-100 h-y-container h-column__content h-column__v-align flex-basis-100 align-self-lg-start align-self-md-start align-self-start">
                <!---->
                <div data-colibri-id="1555-c6" class="d-block style-913 style-local-1555-c6 position-relative h-element">
                  <!---->
                  <div class="h-image__frame-container-outer">
                    <div class="h-image__frame-container">
                      <!---->
                      <!---->
                      <img loading="lazy" decoding="async" width="1806" height="2560" src="https://en.boettcher-film.de/wp-content/uploads/2023/01/Ibsen-Buch-scaled.jpg" class="wp-image-225 style-913-image style-local-1555-c6-image" alt="" srcset="https://en.boettcher-film.de/wp-content/uploads/2023/01/Ibsen-Buch-scaled.jpg 1806w, https://en.boettcher-film.de/wp-content/uploads/2023/01/Ibsen-Buch-212x300.jpg 212w, https://en.boettcher-film.de/wp-content/uploads/2023/01/Ibsen-Buch-722x1024.jpg 722w, https://en.boettcher-film.de/wp-content/uploads/2023/01/Ibsen-Buch-768x1089.jpg 768w, https://en.boettcher-film.de/wp-content/uploads/2023/01/Ibsen-Buch-1084x1536.jpg 1084w, https://en.boettcher-film.de/wp-content/uploads/2023/01/Ibsen-Buch-1445x2048.jpg 1445w" sizes="auto, (max-width: 1806px) 100vw, 1806px" />
                      <div class="h-image__frame h-hide-lg h-hide-md h-hide-sm style-913-frameImage style-local-1555-c6-frameImage"></div>
                    </div>
                  </div>
                </div>
              </div>
            </div>
          </div>
        </div>
      </div>
    </div>
  </div>
</div>
