{"id":1629,"date":"2023-02-18T12:53:26","date_gmt":"2023-02-18T11:53:26","guid":{"rendered":"https:\/\/update.boettcher-film.de\/musikproduktion-belina\/"},"modified":"2026-02-19T13:31:29","modified_gmt":"2026-02-19T13:31:29","slug":"musikproduktion-belina","status":"publish","type":"page","link":"https:\/\/en.boettcher-film.de\/?page_id=1629","title":{"rendered":"Musikproduktion &#8211; Belina"},"content":{"rendered":"<div data-colibri-id=\"1629-c1\" class=\"style-1003 style-local-1629-c1 position-relative\">\n  <!---->\n  <div data-colibri-component=\"section\" data-colibri-id=\"1629-c6\" id=\"custom\" class=\"h-section h-section-global-spacing d-flex align-items-lg-center align-items-md-center align-items-center style-1008 style-local-1629-c6 position-relative\">\n    <div class=\"background-wrapper\">\n      <div class=\"background-layer background-layer-media-container-lg\">\n        <div data-enabled=\"true\" data-colibri-component=\"parallax\" class=\"background-layer paraxify\" model-id=\"1629-c6\" media=\"desktop\" is-preview=\"true\" style=\"background-image: url(&quot;https:\/\/en.boettcher-film.de\/wp-content\/uploads\/2022\/12\/01-Belina-MB-Film-01-scaled.jpg&quot;);\"><\/div>\n      <\/div>\n      <div class=\"background-layer background-layer-media-container-md\">\n        <div data-enabled=\"true\" data-colibri-component=\"parallax\" class=\"background-layer paraxify\" model-id=\"1629-c6\" media=\"tablet\" is-preview=\"true\" style=\"background-image: url(&quot;https:\/\/en.boettcher-film.de\/wp-content\/uploads\/2022\/12\/01-Belina-MB-Film-01-scaled.jpg&quot;);\"><\/div>\n      <\/div>\n      <div class=\"background-layer background-layer-media-container\">\n        <div data-enabled=\"true\" data-colibri-component=\"parallax\" class=\"background-layer paraxify\" model-id=\"1629-c6\" media=\"mobile\" is-preview=\"true\" style=\"background-image: url(&quot;https:\/\/en.boettcher-film.de\/wp-content\/uploads\/2022\/12\/01-Belina-MB-Film-01-scaled.jpg&quot;);\"><\/div>\n      <\/div>\n    <\/div>\n    <!---->\n    <div class=\"h-section-grid-container h-section-fluid-container\">\n      <!---->\n      <div data-colibri-id=\"1629-c7\" class=\"h-row-container gutters-row-lg-2 gutters-row-md-2 gutters-row-0 gutters-row-v-lg-2 gutters-row-v-md-2 gutters-row-v-2 style-1009 style-local-1629-c7 position-relative\">\n        <!---->\n        <div class=\"h-row justify-content-lg-center justify-content-md-center justify-content-center align-items-lg-stretch align-items-md-stretch align-items-stretch gutters-col-lg-2 gutters-col-md-2 gutters-col-0 gutters-col-v-lg-2 gutters-col-v-md-2 gutters-col-v-2\">\n          <!---->\n          <div class=\"h-column h-column-container d-flex h-col-lg-auto h-col-md-auto h-col-auto style-1010-outer style-local-1629-c8-outer\">\n            <div data-colibri-id=\"1629-c8\" class=\"d-flex h-flex-basis h-column__inner h-px-lg-2 h-px-md-2 h-px-2 v-inner-lg-2 v-inner-md-2 v-inner-2 style-1010 style-local-1629-c8 position-relative\">\n              <!---->\n              <!---->\n              <div class=\"w-100 h-y-container h-column__content h-column__v-align flex-basis-100 align-self-lg-center align-self-md-center align-self-center\">\n                <!---->\n                <div data-colibri-id=\"1629-c10\" class=\"d-block style-1012 style-local-1629-c10 position-relative h-element\">\n                  <!---->\n                  <div class=\"h-image__frame-container-outer\">\n                    <div class=\"h-image__frame-container\">\n                      <!---->\n                      <!---->\n                      <img loading=\"lazy\" decoding=\"async\" width=\"1200\" height=\"1200\" src=\"https:\/\/en.boettcher-film.de\/wp-content\/uploads\/2022\/12\/Belina-CD-Cover.jpg\" class=\"wp-image-98 style-1012-image style-local-1629-c10-image\" alt=\"\" srcset=\"https:\/\/en.boettcher-film.de\/wp-content\/uploads\/2022\/12\/Belina-CD-Cover.jpg 1200w, https:\/\/en.boettcher-film.de\/wp-content\/uploads\/2022\/12\/Belina-CD-Cover-300x300.jpg 300w, https:\/\/en.boettcher-film.de\/wp-content\/uploads\/2022\/12\/Belina-CD-Cover-1024x1024.jpg 1024w, https:\/\/en.boettcher-film.de\/wp-content\/uploads\/2022\/12\/Belina-CD-Cover-150x150.jpg 150w, https:\/\/en.boettcher-film.de\/wp-content\/uploads\/2022\/12\/Belina-CD-Cover-768x768.jpg 768w\" sizes=\"auto, (max-width: 1200px) 100vw, 1200px\" \/>\n                      <div class=\"h-image__frame h-hide-lg h-hide-md h-hide-sm style-1012-frameImage style-local-1629-c10-frameImage\"><\/div>\n                    <\/div>\n                  <\/div>\n                <\/div>\n              <\/div>\n            <\/div>\n          <\/div>\n          <div class=\"h-column h-column-container d-flex h-col-lg-auto h-col-md-auto h-col-auto style-1011-outer style-local-1629-c9-outer\">\n            <div data-colibri-id=\"1629-c9\" class=\"d-flex h-flex-basis h-column__inner h-px-lg-2 h-px-md-2 h-px-2 v-inner-lg-2 v-inner-md-2 v-inner-2 style-1011 style-local-1629-c9 position-relative\">\n              <!---->\n              <!---->\n              <div class=\"w-100 h-y-container h-column__content h-column__v-align flex-basis-100 align-self-lg-start align-self-md-start align-self-start\">\n                <!---->\n                <div data-colibri-id=\"1629-c11\" class=\"h-global-transition-all h-heading style-1013 style-local-1629-c11 position-relative h-element\">\n                  <!---->\n                  <div class=\"h-heading__outer style-1013 style-local-1629-c11\">\n                    <!---->\n                    <!---->\n                    <h1 class=\"\">Belina \u2013 Music For Peace<\/h1>\n                  <\/div>\n                <\/div>\n                <div data-colibri-id=\"1629-c12\" class=\"h-text h-text-component style-1014 style-local-1629-c12 position-relative h-element\">\n                  <!---->\n                  <!---->\n                  <div class=\"\">\n                    <p>\u201cIt gets under your skin. \u2014 Unparalleled!\u201d (MDR Kultur, Heidi Eichenberg)<span><br><\/span><\/p>\n                    <p>\u201cThis album is an emotional journey and an occasion for long reflections\u2014not only musical ones.\u201d (Jazz Fun)<span><br><\/span><\/p>\n                    <p>\u201cThe album conveys a convincing impression of the singer\u2019s wonderfully warm voice, the breadth of her wide-ranging repertoire, and the authenticity with which she presented her musical message.\u201d (Neue Musikzeitung NMZ, Dietrich Schlegel)<span><br><\/span><\/p>\n                    <p>\u201cThis is timeless music that touches you emotionally, has great moments, and makes you realize that music is a great healer.\u201d (Just For Swing, Detlef A. Ott)<span><br><\/span><\/p>\n                    <p>\u201cThe official rediscovery of the ambitious world-music interpreter Belina, who then as now should once again find a large fan base with her authentic and expressive songs.\u201d (Fono Forum)<span><br><\/span><\/p>\n                    <p>The soundtrack to the film \u201cBELINA \u2013 MUSIC FOR PEACE\u201d!<\/p>\n                    <p>Available in stores \u2014 22 of the most beautiful songs, meticulously remastered, including three first releases, offer a taste of the film portrait\u2019s premiere planned for this year on the occasion of the 15th anniversary of the death\n                      of the Polish-Jewish world-music interpreter BELINA, on December 12, 2021.<\/p>\n                  <\/div>\n                <\/div>\n                <div data-colibri-id=\"1629-c13\" class=\"h-x-container style-1015 style-local-1629-c13 position-relative h-element\">\n                  <!---->\n                  <div class=\"h-x-container-inner style-dynamic-1629-c13-group style-1015-spacing style-local-1629-c13-spacing\"><span class=\"h-button__outer style-1016-outer style-local-1629-c14-outer d-inline-flex h-element\"><a h-use-smooth-scroll=\"true\" href=\"https:\/\/www.amazon.de\/Music-Peace-Belina\/dp\/B08PJMS13T\/ref=sr_1_1?__mk_de_DE=\u00c5M\u00c5\u017d\u00d5\u00d1&amp;dchild=1&amp;keywords=belina&amp;qid=1614889886&amp;sr=8-1\"  data-colibri-id=\"1629-c14\" class=\"d-flex w-100 align-items-center h-button justify-content-lg-center justify-content-md-center justify-content-center style-1016 style-local-1629-c14 position-relative\"><!----><!----> <span>Buy now (Amazon)<\/span><\/a>\n                    <\/span>\n                  <\/div>\n                <\/div>\n              <\/div>\n            <\/div>\n          <\/div>\n        <\/div>\n      <\/div>\n      <div data-colibri-id=\"1629-c15\" class=\"h-row-container gutters-row-lg-2 gutters-row-md-2 gutters-row-0 gutters-row-v-lg-2 gutters-row-v-md-2 gutters-row-v-2 style-1017 style-local-1629-c15 position-relative\">\n        <!---->\n        <div class=\"h-row justify-content-lg-center justify-content-md-center justify-content-center align-items-lg-stretch align-items-md-stretch align-items-stretch gutters-col-lg-2 gutters-col-md-2 gutters-col-0 gutters-col-v-lg-2 gutters-col-v-md-2 gutters-col-v-2\">\n          <!---->\n          <div class=\"h-column h-column-container d-flex h-col-lg-6 h-col-md-6 h-col-12 style-1018-outer style-local-1629-c16-outer\">\n            <div data-colibri-id=\"1629-c16\" class=\"d-flex h-flex-basis h-column__inner h-px-lg-2 h-px-md-2 h-px-2 v-inner-lg-2 v-inner-md-2 v-inner-2 style-1018 style-local-1629-c16 position-relative\">\n              <!---->\n              <!---->\n              <div class=\"w-100 h-y-container h-column__content h-column__v-align flex-basis-100 align-self-lg-center align-self-md-center align-self-center\">\n                <!---->\n                <div data-colibri-id=\"1629-c21\" class=\"h-global-transition-all h-heading style-1023 style-local-1629-c21 position-relative h-element\">\n                  <!---->\n                  <div class=\"h-heading__outer style-1023 style-local-1629-c21\">\n                    <!---->\n                    <!---->\n                    <h2 class=\"\">Song list<\/h2>\n                  <\/div>\n                <\/div>\n              <\/div>\n            <\/div>\n          <\/div>\n          <div class=\"h-column h-column-container d-flex h-col-lg-6 h-col-md-6 h-col-12 style-1019-outer style-local-1629-c17-outer\">\n            <div data-colibri-id=\"1629-c17\" class=\"d-flex h-flex-basis h-column__inner h-px-lg-2 h-px-md-2 h-px-2 v-inner-lg-2 v-inner-md-2 v-inner-2 style-1019 style-local-1629-c17 position-relative\">\n              <!---->\n              <!---->\n              <div class=\"w-100 h-y-container h-column__content h-column__v-align flex-basis-100 align-self-lg-start align-self-md-start align-self-start\">\n                <!---->\n                <div data-colibri-id=\"1629-c22\" class=\"d-block style-1024 style-local-1629-c22 position-relative h-element\">\n                  <!---->\n                  <div class=\"h-image__frame-container-outer\">\n                    <div class=\"h-image__frame-container\">\n                      <!---->\n                      <!---->\n                      <img loading=\"lazy\" decoding=\"async\" width=\"2560\" height=\"2560\" src=\"https:\/\/en.boettcher-film.de\/wp-content\/uploads\/2022\/12\/CD-Belina-Rueckseite-scaled.jpg\" class=\"wp-image-113 style-1024-image style-local-1629-c22-image\" alt=\"\" srcset=\"https:\/\/en.boettcher-film.de\/wp-content\/uploads\/2022\/12\/CD-Belina-Rueckseite-scaled.jpg 2560w, https:\/\/en.boettcher-film.de\/wp-content\/uploads\/2022\/12\/CD-Belina-Rueckseite-300x300.jpg 300w, https:\/\/en.boettcher-film.de\/wp-content\/uploads\/2022\/12\/CD-Belina-Rueckseite-1024x1024.jpg 1024w, https:\/\/en.boettcher-film.de\/wp-content\/uploads\/2022\/12\/CD-Belina-Rueckseite-150x150.jpg 150w, https:\/\/en.boettcher-film.de\/wp-content\/uploads\/2022\/12\/CD-Belina-Rueckseite-768x768.jpg 768w, https:\/\/en.boettcher-film.de\/wp-content\/uploads\/2022\/12\/CD-Belina-Rueckseite-1536x1536.jpg 1536w, https:\/\/en.boettcher-film.de\/wp-content\/uploads\/2022\/12\/CD-Belina-Rueckseite-2048x2048.jpg 2048w\" sizes=\"auto, (max-width: 2560px) 100vw, 2560px\" \/>\n                      <div class=\"h-image__frame h-hide-lg h-hide-md h-hide-sm style-1024-frameImage style-local-1629-c22-frameImage\"><\/div>\n                    <\/div>\n                  <\/div>\n                <\/div>\n              <\/div>\n            <\/div>\n          <\/div>\n        <\/div>\n      <\/div>\n      <div data-colibri-id=\"1629-c18\" class=\"h-row-container gutters-row-lg-2 gutters-row-md-2 gutters-row-0 gutters-row-v-lg-2 gutters-row-v-md-2 gutters-row-v-2 style-1020 style-local-1629-c18 position-relative\">\n        <!---->\n        <div class=\"h-row justify-content-lg-center justify-content-md-center justify-content-center align-items-lg-stretch align-items-md-stretch align-items-stretch gutters-col-lg-2 gutters-col-md-2 gutters-col-0 gutters-col-v-lg-2 gutters-col-v-md-2 gutters-col-v-2\">\n          <!---->\n          <div class=\"h-column h-column-container d-flex h-col-lg-6 h-col-md-6 h-col-12 style-1021-outer style-local-1629-c19-outer\">\n            <div data-colibri-id=\"1629-c19\" class=\"d-flex h-flex-basis h-column__inner h-px-lg-2 h-px-md-2 h-px-2 v-inner-lg-2 v-inner-md-2 v-inner-2 style-1021 style-local-1629-c19 position-relative\">\n              <!---->\n              <!---->\n              <div class=\"w-100 h-y-container h-column__content h-column__v-align flex-basis-100 align-self-lg-start align-self-md-start align-self-start\">\n                <!---->\n                <div data-colibri-id=\"1629-c24\" class=\"h-x-container style-1026 style-local-1629-c24 position-relative h-element\">\n                  <!---->\n                  <div class=\"h-x-container-inner style-dynamic-1629-c24-group style-1026-spacing style-local-1629-c24-spacing\"><span class=\"h-link__outer style-1027-outer style-local-1629-c25-outer d-inline-flex h-element\"><a h-use-smooth-scroll=\"true\" href=\"https:\/\/update.boettcher-film.de\/wp-content\/uploads\/2023\/02\/Belina-Kwari-Kwari-Banana.mp3\"  data-colibri-id=\"1629-c25\" class=\"d-flex w-100 align-items-center h-link style-1027 style-local-1629-c25 position-relative\"><!----><span  class=\"h-svg-icon h-link__icon style-1027-icon style-local-1629-c25-icon\"><!--Icon by Font Awesome (https:\/\/fontawesome.com)-->\n    <svg version=\"1.1\" xmlns=\"http:\/\/www.w3.org\/2000\/svg\" xmlns:xlink=\"http:\/\/www.w3.org\/1999\/xlink\" id=\"music\" viewBox=\"0 0 1536 1896.0833\">\n      <path d=\"M1536 224v1120q0 50-34 89t-86 60.5-103.5 32-96.5 10.5-96.5-10.5-103.5-32-86-60.5-34-89 34-89 86-60.5 103.5-32 96.5-10.5q105 0 192 39V654L640 891v709q0 50-34 89t-86 60.5-103.5 32T320 1792t-96.5-10.5-103.5-32-86-60.5-34-89 34-89 86-60.5 103.5-32T320 1408q105 0 192 39V480q0-31 19-56.5t49-35.5l832-256q12-4 28-4 40 0 68 28t28 68z\"><\/path>\n    <\/svg><\/span> <span>Belina \u2013 Kwari Kwari Banana<\/span><\/a>\n                    <\/span>\n                  <\/div>\n                <\/div>\n                <div data-colibri-id=\"1629-c26\" class=\"h-x-container style-1028 style-local-1629-c26 position-relative h-element\">\n                  <!---->\n                  <div class=\"h-x-container-inner style-dynamic-1629-c26-group style-1028-spacing style-local-1629-c26-spacing\"><span class=\"h-link__outer style-1029-outer style-local-1629-c27-outer d-inline-flex h-element\"><a h-use-smooth-scroll=\"true\" href=\"https:\/\/update.boettcher-film.de\/wp-content\/uploads\/2023\/02\/Belina-Kalakoltschik.mp3\"  data-colibri-id=\"1629-c27\" class=\"d-flex w-100 align-items-center h-link style-1029 style-local-1629-c27 position-relative\"><!----><span  class=\"h-svg-icon h-link__icon style-1029-icon style-local-1629-c27-icon\"><!--Icon by Font Awesome (https:\/\/fontawesome.com)-->\n    <svg version=\"1.1\" xmlns=\"http:\/\/www.w3.org\/2000\/svg\" xmlns:xlink=\"http:\/\/www.w3.org\/1999\/xlink\" id=\"music\" viewBox=\"0 0 1536 1896.0833\">\n      <path d=\"M1536 224v1120q0 50-34 89t-86 60.5-103.5 32-96.5 10.5-96.5-10.5-103.5-32-86-60.5-34-89 34-89 86-60.5 103.5-32 96.5-10.5q105 0 192 39V654L640 891v709q0 50-34 89t-86 60.5-103.5 32T320 1792t-96.5-10.5-103.5-32-86-60.5-34-89 34-89 86-60.5 103.5-32T320 1408q105 0 192 39V480q0-31 19-56.5t49-35.5l832-256q12-4 28-4 40 0 68 28t28 68z\"><\/path>\n    <\/svg><\/span> <span>Belina \u2013 Kalakoltschik<\/span><\/a>\n                    <\/span>\n                  <\/div>\n                <\/div>\n                <div data-colibri-id=\"1629-c28\" class=\"h-x-container style-1030 style-local-1629-c28 position-relative h-element\">\n                  <!---->\n                  <div class=\"h-x-container-inner style-dynamic-1629-c28-group style-1030-spacing style-local-1629-c28-spacing\"><span class=\"h-link__outer style-1031-outer style-local-1629-c29-outer d-inline-flex h-element\"><a h-use-smooth-scroll=\"true\" href=\"https:\/\/update.boettcher-film.de\/wp-content\/uploads\/2023\/02\/Belina-Fenesta-ca-lucive.mp3\"  data-colibri-id=\"1629-c29\" class=\"d-flex w-100 align-items-center h-link style-1031 style-local-1629-c29 position-relative\"><!----><span  class=\"h-svg-icon h-link__icon style-1031-icon style-local-1629-c29-icon\"><!--Icon by Font Awesome (https:\/\/fontawesome.com)-->\n    <svg version=\"1.1\" xmlns=\"http:\/\/www.w3.org\/2000\/svg\" xmlns:xlink=\"http:\/\/www.w3.org\/1999\/xlink\" id=\"music\" viewBox=\"0 0 1536 1896.0833\">\n      <path d=\"M1536 224v1120q0 50-34 89t-86 60.5-103.5 32-96.5 10.5-96.5-10.5-103.5-32-86-60.5-34-89 34-89 86-60.5 103.5-32 96.5-10.5q105 0 192 39V654L640 891v709q0 50-34 89t-86 60.5-103.5 32T320 1792t-96.5-10.5-103.5-32-86-60.5-34-89 34-89 86-60.5 103.5-32T320 1408q105 0 192 39V480q0-31 19-56.5t49-35.5l832-256q12-4 28-4 40 0 68 28t28 68z\"><\/path>\n    <\/svg><\/span> <span>Belina \u2013 Fenesta ca lucive<\/span><\/a>\n                    <\/span>\n                  <\/div>\n                <\/div>\n              <\/div>\n            <\/div>\n          <\/div>\n          <div class=\"h-column h-column-container d-flex h-col-lg-6 h-col-md-6 h-col-12 style-1022-outer style-local-1629-c20-outer\">\n            <div data-colibri-id=\"1629-c20\" class=\"d-flex h-flex-basis h-column__inner h-px-lg-2 h-px-md-2 h-px-2 v-inner-lg-2 v-inner-md-2 v-inner-2 style-1022 style-local-1629-c20 position-relative\">\n              <!---->\n              <!---->\n              <div class=\"w-100 h-y-container h-column__content h-column__v-align flex-basis-100 align-self-lg-center align-self-md-center align-self-center\">\n                <!---->\n                <div data-colibri-id=\"1629-c23\" class=\"h-global-transition-all h-heading style-1025 style-local-1629-c23 position-relative h-element\">\n                  <!---->\n                  <div class=\"h-heading__outer style-1025 style-local-1629-c23\">\n                    <!---->\n                    <!---->\n                    <h2 class=\"\">Impressions<\/h2>\n                  <\/div>\n                <\/div>\n              <\/div>\n            <\/div>\n          <\/div>\n        <\/div>\n      <\/div>\n    <\/div>\n  <\/div>\n<\/div>","protected":false},"excerpt":{"rendered":"<p>Belina \u2013 Music For Peace \u201cIt gets under your skin. \u2014 Unparalleled!\u201d (MDR Kultur, Heidi Eichenberg) \u201cThis album is an emotional journey and an occasion for long reflections\u2014not only musical ones.\u201d (Jazz Fun) \u201cThe album conveys a convincing impression of the singer\u2019s wonderfully warm voice, the breadth of her wide-ranging repertoire, and the authenticity with [&hellip;]<\/p>\n","protected":false},"author":1,"featured_media":0,"parent":0,"menu_order":0,"comment_status":"closed","ping_status":"closed","template":"page-templates\/full-width-page.php","meta":{"footnotes":""},"class_list":["post-1629","page","type-page","status-publish","hentry"],"_links":{"self":[{"href":"https:\/\/en.boettcher-film.de\/index.php?rest_route=\/wp\/v2\/pages\/1629","targetHints":{"allow":["GET"]}}],"collection":[{"href":"https:\/\/en.boettcher-film.de\/index.php?rest_route=\/wp\/v2\/pages"}],"about":[{"href":"https:\/\/en.boettcher-film.de\/index.php?rest_route=\/wp\/v2\/types\/page"}],"author":[{"embeddable":true,"href":"https:\/\/en.boettcher-film.de\/index.php?rest_route=\/wp\/v2\/users\/1"}],"replies":[{"embeddable":true,"href":"https:\/\/en.boettcher-film.de\/index.php?rest_route=%2Fwp%2Fv2%2Fcomments&post=1629"}],"version-history":[{"count":2,"href":"https:\/\/en.boettcher-film.de\/index.php?rest_route=\/wp\/v2\/pages\/1629\/revisions"}],"predecessor-version":[{"id":4042,"href":"https:\/\/en.boettcher-film.de\/index.php?rest_route=\/wp\/v2\/pages\/1629\/revisions\/4042"}],"wp:attachment":[{"href":"https:\/\/en.boettcher-film.de\/index.php?rest_route=%2Fwp%2Fv2%2Fmedia&parent=1629"}],"curies":[{"name":"wp","href":"https:\/\/api.w.org\/{rel}","templated":true}]}}